{"id":27,"date":"2025-11-01T18:43:55","date_gmt":"2025-11-01T18:43:55","guid":{"rendered":"https:\/\/conttechcontabilidade.com\/?page_id=27"},"modified":"2026-01-09T14:25:52","modified_gmt":"2026-01-09T14:25:52","slug":"quem-somos","status":"publish","type":"page","link":"https:\/\/conttechcontabilidade.com\/?page_id=27","title":{"rendered":"Quem somos"},"content":{"rendered":"\t\t<div data-elementor-type=\"wp-page\" data-elementor-id=\"27\" class=\"elementor elementor-27\">\n\t\t\t\t<div class=\"elementor-element elementor-element-4e21ad2 e-flex e-con-boxed e-con e-parent\" data-id=\"4e21ad2\" data-element_type=\"container\" data-e-type=\"container\">\n\t\t\t\t\t<div class=\"e-con-inner\">\n\t\t<div class=\"elementor-element elementor-element-9186cbd e-con-full e-flex e-con e-child\" data-id=\"9186cbd\" data-element_type=\"container\" data-e-type=\"container\">\n\t\t<div class=\"elementor-element elementor-element-80861e1 e-con-full e-flex e-con e-child\" data-id=\"80861e1\" data-element_type=\"container\" data-e-type=\"container\">\n\t\t\t\t<div class=\"elementor-element elementor-element-a647872 elementor-widget elementor-widget-heading\" data-id=\"a647872\" data-element_type=\"widget\" data-e-type=\"widget\" data-widget_type=\"heading.default\">\n\t\t\t\t\t<h2 class=\"elementor-heading-title elementor-size-default\">Quem e Jonas Matias ?<\/h2>\t\t\t\t<\/div>\n\t\t\t\t<div class=\"elementor-element elementor-element-aa7b8af elementor-widget elementor-widget-text-editor\" data-id=\"aa7b8af\" data-element_type=\"widget\" data-e-type=\"widget\" data-widget_type=\"text-editor.default\">\n\t\t\t\t\t\t\t\t\t<p data-start=\"411\" data-end=\"698\">Sou <strong data-start=\"415\" data-end=\"431\">Jonas Matias<\/strong>, contador\u00a0 da Conttech Contabilidade,\u00a0Bacharel em <strong data-start=\"524\" data-end=\"546\">Ci\u00eancias Cont\u00e1beis<\/strong> pelo Centro Universit\u00e1rio Leonardo da Vinci (UNIASSELVI), atualmente <strong data-start=\"616\" data-end=\"662\">cursando p\u00f3s-gradua\u00e7\u00e3o em Per\u00edcia Cont\u00e1bil.<\/strong>.<\/p><p data-start=\"700\" data-end=\"1247\">Atuo com dedica\u00e7\u00e3o e prop\u00f3sito na \u00e1rea <strong data-start=\"739\" data-end=\"768\">cont\u00e1bil e administrativa<\/strong>, unindo conhecimento t\u00e9cnico e experi\u00eancia pr\u00e1tica para entregar solu\u00e7\u00f5es eficazes e personalizadas aos meus clientes.<br data-start=\"887\" data-end=\"890\" \/>Minha trajet\u00f3ria inclui passagem pela <strong data-start=\"928\" data-end=\"946\">gest\u00e3o p\u00fablica<\/strong>, onde exer\u00e7o a fun\u00e7\u00e3o de <strong data-start=\"972\" data-end=\"1031\">assessor na Controladoria Municipal de \u00c1guas Belas (PE)<\/strong>, al\u00e9m de experi\u00eancias anteriores em <strong data-start=\"1068\" data-end=\"1139\">log\u00edstica, gest\u00e3o de programas sociais e consultoria administrativa<\/strong> \u2014 viv\u00eancias que ampliaram minha vis\u00e3o estrat\u00e9gica sobre finan\u00e7as, controle e efici\u00eancia na administra\u00e7\u00e3o.<\/p><p data-start=\"1249\" data-end=\"1470\">Sou um profissional <strong data-start=\"1269\" data-end=\"1315\">proativo, anal\u00edtico e movido pela inova\u00e7\u00e3o<\/strong>, com dom\u00ednio de <strong data-start=\"1332\" data-end=\"1387\">Excel Avan\u00e7ado, Power BI<\/strong>, aplicando tecnologia para tornar a contabilidade mais \u00e1gil, segura e acess\u00edvel.<\/p><p data-start=\"1472\" data-end=\"1728\">Com a <strong data-start=\"1478\" data-end=\"1504\">Conttech Contabilidade<\/strong>, meu objetivo \u00e9 ir al\u00e9m da escritura\u00e7\u00e3o \u2014 quero oferecer <strong data-start=\"1562\" data-end=\"1609\">planejamento, orienta\u00e7\u00e3o e resultados reais<\/strong>, ajudando empreendedores, prestadores de servi\u00e7o e profissionais liberais a crescerem com tranquilidade e confian\u00e7a.<\/p>\t\t\t\t\t\t\t\t<\/div>\n\t\t\t\t<\/div>\n\t\t<div class=\"elementor-element elementor-element-b7655d0 e-con-full e-flex e-con e-child\" data-id=\"b7655d0\" data-element_type=\"container\" data-e-type=\"container\">\n\t\t\t\t<div class=\"elementor-element elementor-element-ca9e8ea elementor-widget elementor-widget-image\" data-id=\"ca9e8ea\" data-element_type=\"widget\" data-e-type=\"widget\" data-widget_type=\"image.default\">\n\t\t\t\t\t\t\t\t\t\t\t\t\t\t\t<img fetchpriority=\"high\" decoding=\"async\" width=\"800\" height=\"1000\" src=\"https:\/\/conttechcontabilidade.com\/wp-content\/uploads\/2026\/01\/MEI--819x1024.png\" class=\"attachment-large size-large wp-image-366\" alt=\"\" srcset=\"https:\/\/conttechcontabilidade.com\/wp-content\/uploads\/2026\/01\/MEI--819x1024.png 819w, https:\/\/conttechcontabilidade.com\/wp-content\/uploads\/2026\/01\/MEI--240x300.png 240w, https:\/\/conttechcontabilidade.com\/wp-content\/uploads\/2026\/01\/MEI--768x960.png 768w, https:\/\/conttechcontabilidade.com\/wp-content\/uploads\/2026\/01\/MEI-.png 1080w\" sizes=\"(max-width: 800px) 100vw, 800px\" \/>\t\t\t\t\t\t\t\t\t\t\t\t\t\t\t<\/div>\n\t\t\t\t<div class=\"elementor-element elementor-element-b355e82 elementor-view-stacked elementor-shape-circle elementor-widget elementor-widget-icon\" data-id=\"b355e82\" data-element_type=\"widget\" data-e-type=\"widget\" data-widget_type=\"icon.default\">\n\t\t\t\t\t\t\t<div class=\"elementor-icon-wrapper\">\n\t\t\t<a class=\"elementor-icon\" href=\"https:\/\/www.instagram.com\/_jonasmatias\/\">\n\t\t\t<svg aria-hidden=\"true\" class=\"e-font-icon-svg e-fab-instagram\" viewBox=\"0 0 448 512\" xmlns=\"http:\/\/www.w3.org\/2000\/svg\"><path d=\"M224.1 141c-63.6 0-114.9 51.3-114.9 114.9s51.3 114.9 114.9 114.9S339 319.5 339 255.9 287.7 141 224.1 141zm0 189.6c-41.1 0-74.7-33.5-74.7-74.7s33.5-74.7 74.7-74.7 74.7 33.5 74.7 74.7-33.6 74.7-74.7 74.7zm146.4-194.3c0 14.9-12 26.8-26.8 26.8-14.9 0-26.8-12-26.8-26.8s12-26.8 26.8-26.8 26.8 12 26.8 26.8zm76.1 27.2c-1.7-35.9-9.9-67.7-36.2-93.9-26.2-26.2-58-34.4-93.9-36.2-37-2.1-147.9-2.1-184.9 0-35.8 1.7-67.6 9.9-93.9 36.1s-34.4 58-36.2 93.9c-2.1 37-2.1 147.9 0 184.9 1.7 35.9 9.9 67.7 36.2 93.9s58 34.4 93.9 36.2c37 2.1 147.9 2.1 184.9 0 35.9-1.7 67.7-9.9 93.9-36.2 26.2-26.2 34.4-58 36.2-93.9 2.1-37 2.1-147.8 0-184.8zM398.8 388c-7.8 19.6-22.9 34.7-42.6 42.6-29.5 11.7-99.5 9-132.1 9s-102.7 2.6-132.1-9c-19.6-7.8-34.7-22.9-42.6-42.6-11.7-29.5-9-99.5-9-132.1s-2.6-102.7 9-132.1c7.8-19.6 22.9-34.7 42.6-42.6 29.5-11.7 99.5-9 132.1-9s102.7-2.6 132.1 9c19.6 7.8 34.7 22.9 42.6 42.6 11.7 29.5 9 99.5 9 132.1s2.7 102.7-9 132.1z\"><\/path><\/svg>\t\t\t<\/a>\n\t\t<\/div>\n\t\t\t\t\t\t<\/div>\n\t\t\t\t<\/div>\n\t\t\t\t<\/div>\n\t\t\t\t\t<\/div>\n\t\t\t\t<\/div>\n\t\t\t\t<\/div>\n\t\t","protected":false},"excerpt":{"rendered":"<p>Quem e Jonas Matias ? Sou Jonas Matias, contador\u00a0 da Conttech Contabilidade,\u00a0Bacharel em Ci\u00eancias Cont\u00e1beis pelo Centro Universit\u00e1rio Leonardo da Vinci (UNIASSELVI), atualmente cursando p\u00f3s-gradua\u00e7\u00e3o em Per\u00edcia Cont\u00e1bil.. Atuo com dedica\u00e7\u00e3o e prop\u00f3sito na \u00e1rea cont\u00e1bil e administrativa, unindo conhecimento t\u00e9cnico e experi\u00eancia pr\u00e1tica para entregar solu\u00e7\u00f5es eficazes e personalizadas aos meus clientes.Minha trajet\u00f3ria inclui [&hellip;]<\/p>\n","protected":false},"author":1,"featured_media":0,"parent":0,"menu_order":0,"comment_status":"closed","ping_status":"closed","template":"elementor_header_footer","meta":{"footnotes":""},"class_list":["post-27","page","type-page","status-publish","hentry"],"_links":{"self":[{"href":"https:\/\/conttechcontabilidade.com\/index.php?rest_route=\/wp\/v2\/pages\/27","targetHints":{"allow":["GET"]}}],"collection":[{"href":"https:\/\/conttechcontabilidade.com\/index.php?rest_route=\/wp\/v2\/pages"}],"about":[{"href":"https:\/\/conttechcontabilidade.com\/index.php?rest_route=\/wp\/v2\/types\/page"}],"author":[{"embeddable":true,"href":"https:\/\/conttechcontabilidade.com\/index.php?rest_route=\/wp\/v2\/users\/1"}],"replies":[{"embeddable":true,"href":"https:\/\/conttechcontabilidade.com\/index.php?rest_route=%2Fwp%2Fv2%2Fcomments&post=27"}],"version-history":[{"count":13,"href":"https:\/\/conttechcontabilidade.com\/index.php?rest_route=\/wp\/v2\/pages\/27\/revisions"}],"predecessor-version":[{"id":389,"href":"https:\/\/conttechcontabilidade.com\/index.php?rest_route=\/wp\/v2\/pages\/27\/revisions\/389"}],"wp:attachment":[{"href":"https:\/\/conttechcontabilidade.com\/index.php?rest_route=%2Fwp%2Fv2%2Fmedia&parent=27"}],"curies":[{"name":"wp","href":"https:\/\/api.w.org\/{rel}","templated":true}]}}