{"id":32,"date":"2025-11-01T18:44:45","date_gmt":"2025-11-01T18:44:45","guid":{"rendered":"https:\/\/conttechcontabilidade.com\/?page_id=32"},"modified":"2026-01-09T14:27:46","modified_gmt":"2026-01-09T14:27:46","slug":"parceiros","status":"publish","type":"page","link":"https:\/\/conttechcontabilidade.com\/?page_id=32","title":{"rendered":"Parceiros"},"content":{"rendered":"\t\t<div data-elementor-type=\"wp-page\" data-elementor-id=\"32\" class=\"elementor elementor-32\">\n\t\t\t\t<div class=\"elementor-element elementor-element-2247d42 e-flex e-con-boxed e-con e-parent\" data-id=\"2247d42\" data-element_type=\"container\" data-e-type=\"container\">\n\t\t\t\t\t<div class=\"e-con-inner\">\n\t\t\t\t<div class=\"elementor-element elementor-element-3b387d8 elementor-widget elementor-widget-heading\" data-id=\"3b387d8\" data-element_type=\"widget\" data-e-type=\"widget\" data-widget_type=\"heading.default\">\n\t\t\t\t\t<h2 class=\"elementor-heading-title elementor-size-default\">Parceiros <\/h2>\t\t\t\t<\/div>\n\t\t\t\t\t<\/div>\n\t\t\t\t<\/div>\n\t\t<div class=\"elementor-element elementor-element-0601778 e-flex e-con-boxed e-con e-parent\" data-id=\"0601778\" data-element_type=\"container\" data-e-type=\"container\" data-settings=\"{&quot;background_background&quot;:&quot;slideshow&quot;,&quot;background_slideshow_gallery&quot;:[{&quot;id&quot;:64,&quot;url&quot;:&quot;https:\\\/\\\/conttechcontabilidade.com\\\/wp-content\\\/uploads\\\/2025\\\/11\\\/1.jpg&quot;}],&quot;background_slideshow_loop&quot;:&quot;yes&quot;,&quot;background_slideshow_slide_duration&quot;:5000,&quot;background_slideshow_slide_transition&quot;:&quot;fade&quot;,&quot;background_slideshow_transition_duration&quot;:500}\">\n\t\t\t\t\t<div class=\"e-con-inner\">\n\t\t\t\t\t<\/div>\n\t\t\t\t<\/div>\n\t\t<div class=\"elementor-element elementor-element-bf5b05e e-flex e-con-boxed e-con e-parent\" data-id=\"bf5b05e\" data-element_type=\"container\" data-e-type=\"container\">\n\t\t\t\t\t<div class=\"e-con-inner\">\n\t\t<div class=\"elementor-element elementor-element-705c691 e-con-full e-flex e-con e-child\" data-id=\"705c691\" data-element_type=\"container\" data-e-type=\"container\">\n\t\t<div class=\"elementor-element elementor-element-fc3833b e-con-full e-flex e-con e-child\" data-id=\"fc3833b\" data-element_type=\"container\" data-e-type=\"container\">\n\t\t\t\t<div class=\"elementor-element elementor-element-60e258a elementor-widget elementor-widget-heading\" data-id=\"60e258a\" data-element_type=\"widget\" data-e-type=\"widget\" data-widget_type=\"heading.default\">\n\t\t\t\t\t<h2 class=\"elementor-heading-title elementor-size-default\">Advogados <\/h2>\t\t\t\t<\/div>\n\t\t\t\t<div class=\"elementor-element elementor-element-1974c95 elementor-widget elementor-widget-text-editor\" data-id=\"1974c95\" data-element_type=\"widget\" data-e-type=\"widget\" data-widget_type=\"text-editor.default\">\n\t\t\t\t\t\t\t\t\t<p>Assessoria jur\u00eddica para suas demandas e seguran\u00e7a nas decis\u00f5es.<\/p>\t\t\t\t\t\t\t\t<\/div>\n\t\t\t\t<\/div>\n\t\t<div class=\"elementor-element elementor-element-a9673ee e-con-full e-flex e-con e-child\" data-id=\"a9673ee\" data-element_type=\"container\" data-e-type=\"container\">\n\t\t\t\t<div class=\"elementor-element elementor-element-ecc715f elementor-widget elementor-widget-heading\" data-id=\"ecc715f\" data-element_type=\"widget\" data-e-type=\"widget\" data-widget_type=\"heading.default\">\n\t\t\t\t\t<h2 class=\"elementor-heading-title elementor-size-default\">T.I<\/h2>\t\t\t\t<\/div>\n\t\t\t\t<div class=\"elementor-element elementor-element-e1ec4a8 elementor-widget elementor-widget-text-editor\" data-id=\"e1ec4a8\" data-element_type=\"widget\" data-e-type=\"widget\" data-widget_type=\"text-editor.default\">\n\t\t\t\t\t\t\t\t\t<p>O melhor da Tecnologia para sua empresa cria\u00e7\u00e3o de Software, Apps, Sites e sistemas sob medida na sua demanda\u00a0<\/p>\t\t\t\t\t\t\t\t<\/div>\n\t\t\t\t<\/div>\n\t\t<div class=\"elementor-element elementor-element-afd2280 e-con-full e-flex e-con e-child\" data-id=\"afd2280\" data-element_type=\"container\" data-e-type=\"container\">\n\t\t\t\t<div class=\"elementor-element elementor-element-ddc823a elementor-widget elementor-widget-heading\" data-id=\"ddc823a\" data-element_type=\"widget\" data-e-type=\"widget\" data-widget_type=\"heading.default\">\n\t\t\t\t\t<h2 class=\"elementor-heading-title elementor-size-default\">Designer  <\/h2>\t\t\t\t<\/div>\n\t\t\t\t<div class=\"elementor-element elementor-element-e62b5c2 elementor-widget elementor-widget-text-editor\" data-id=\"e62b5c2\" data-element_type=\"widget\" data-e-type=\"widget\" data-widget_type=\"text-editor.default\">\n\t\t\t\t\t\t\t\t\t<p>Suas rede sociais com conte\u00fado de qualidade e identidade visual para sua empresa.&nbsp;<\/p>\t\t\t\t\t\t\t\t<\/div>\n\t\t\t\t<\/div>\n\t\t<div class=\"elementor-element elementor-element-ecc3d0c e-con-full e-flex e-con e-child\" data-id=\"ecc3d0c\" data-element_type=\"container\" data-e-type=\"container\">\n\t\t\t\t<div class=\"elementor-element elementor-element-9872d03 elementor-widget elementor-widget-heading\" data-id=\"9872d03\" data-element_type=\"widget\" data-e-type=\"widget\" data-widget_type=\"heading.default\">\n\t\t\t\t\t<h2 class=\"elementor-heading-title elementor-size-default\">Marketing Digital<\/h2>\t\t\t\t<\/div>\n\t\t\t\t<div class=\"elementor-element elementor-element-78b82d3 elementor-widget elementor-widget-text-editor\" data-id=\"78b82d3\" data-element_type=\"widget\" data-e-type=\"widget\" data-widget_type=\"text-editor.default\">\n\t\t\t\t\t\t\t\t\t<p>capte mais clientes pela suas redes sociais, melhore seu engajamento, cres\u00e7a sua empresa e suas m\u00eddias.<\/p>\t\t\t\t\t\t\t\t<\/div>\n\t\t\t\t<\/div>\n\t\t\t\t<\/div>\n\t\t\t\t\t<\/div>\n\t\t\t\t<\/div>\n\t\t\t\t<\/div>\n\t\t","protected":false},"excerpt":{"rendered":"<p>Parceiros Advogados Assessoria jur\u00eddica para suas demandas e seguran\u00e7a nas decis\u00f5es. T.I O melhor da Tecnologia para sua empresa cria\u00e7\u00e3o de Software, Apps, Sites e sistemas sob medida na sua demanda\u00a0 Designer Suas rede sociais com conte\u00fado de qualidade e identidade visual para sua empresa.&nbsp; Marketing Digital capte mais clientes pela suas redes sociais, melhore [&hellip;]<\/p>\n","protected":false},"author":1,"featured_media":0,"parent":0,"menu_order":0,"comment_status":"closed","ping_status":"closed","template":"elementor_header_footer","meta":{"footnotes":""},"class_list":["post-32","page","type-page","status-publish","hentry"],"_links":{"self":[{"href":"https:\/\/conttechcontabilidade.com\/index.php?rest_route=\/wp\/v2\/pages\/32","targetHints":{"allow":["GET"]}}],"collection":[{"href":"https:\/\/conttechcontabilidade.com\/index.php?rest_route=\/wp\/v2\/pages"}],"about":[{"href":"https:\/\/conttechcontabilidade.com\/index.php?rest_route=\/wp\/v2\/types\/page"}],"author":[{"embeddable":true,"href":"https:\/\/conttechcontabilidade.com\/index.php?rest_route=\/wp\/v2\/users\/1"}],"replies":[{"embeddable":true,"href":"https:\/\/conttechcontabilidade.com\/index.php?rest_route=%2Fwp%2Fv2%2Fcomments&post=32"}],"version-history":[{"count":19,"href":"https:\/\/conttechcontabilidade.com\/index.php?rest_route=\/wp\/v2\/pages\/32\/revisions"}],"predecessor-version":[{"id":395,"href":"https:\/\/conttechcontabilidade.com\/index.php?rest_route=\/wp\/v2\/pages\/32\/revisions\/395"}],"wp:attachment":[{"href":"https:\/\/conttechcontabilidade.com\/index.php?rest_route=%2Fwp%2Fv2%2Fmedia&parent=32"}],"curies":[{"name":"wp","href":"https:\/\/api.w.org\/{rel}","templated":true}]}}